t is the highest common factor of 260497 and 105458?
787
Calculate the highest common divisor of 48450 and 1621650.
2850
Calculate the highest common factor of 440247195 and 1191.
1191
Calculate the greatest common divisor of 7320 and 1434478440.
7320
Calculate the highest common divisor of 2188 and 1556876.
4
What is the highest common divisor of 22020418 and 28?
14
What is the highest common divisor of 6547740 and 186660?
3660
Calculate the greatest common factor of 1056106688 and 5278.
5278
Calculate the highest common divisor of 24 and 15930372.
12
Calculate the highest common factor of 95044048 and 40167.
4463
Calculate the greatest common factor of 171528489 and 264.
33
What is the highest common divisor of 9943 and 6922121?
163
What is the greatest common divisor of 126877050 and 50?
50
What is the highest common divisor of 33 and 6036481?
11
What is the highest common divisor of 2712 and 13090584?
24
Calculate the greatest common divisor of 4047 and 22458152.
1349
Calculate the greatest common divisor of 17241411 and 10527.
363
What is the highest common divisor of 28 and 11771274?
2
What is the highest common divisor of 181043746 and 260?
26
Calculate the highest common divisor of 39070944 and 11.
11
Calculate the highest common divisor of 36009 and 23481.
9
What is the greatest common factor of 1953 and 1415677?
31
What is the greatest common factor of 5882 and 662014?
34
Calculate the greatest common divisor of 81305 and 155232455.
3535
Calculate the highest common divisor of 3009 and 64001430.
3009
What is the greatest common divisor of 8559 and 135468999?
2853
Calculate the greatest common divisor of 32748168 and 1046.
1046
What is the greatest common divisor of 3328125 and 10011?
213
What is the highest common divisor of 5820003 and 126?
63
Calculate the highest common factor of 3557246 and 66.
22
What is the greatest common divisor of 1510733 and 3424?
107
Calculate the highest common factor of 2263 and 22979524.
73
What is the greatest common divisor of 2713139 and 143?
143
Calculate the greatest common factor of 482847 and 7524.
57
Calculate the greatest common divisor of 51237 and 438579.
9
Calculate the greatest common factor of 3842255 and 210061.
2659
What is the greatest common divisor of 1514 and 4802?
2
Calculate the greatest common factor of 12804621 and 1020.
51
Calculate the greatest common factor of 4137366 and 18.
6
What is the greatest common divisor of 1805958 and 4620?
462
Calculate the greatest common divisor of 3641979 and 1905.
381
What is the highest common divisor of 453250 and 217?
7
Calculate the greatest common factor of 272770586 and 37.
37
Calculate the highest common divisor of 33873282 and 2448.
306
Calculate the highest common factor of 545 and 184755.
545
What is the highest common factor of 1471519 and 6667?
59
Calculate the greatest common divisor of 486534 and 180129.
1857
What is the greatest common factor of 84129 and 23896?
29
Calculate the highest common factor of 28325 and 716983.
103
What is the greatest common divisor of 11238318 and 684?
18
What is the greatest common divisor of 443 and 37067139?
443
Calculate the greatest common factor of 29220 and 1168260.
60
Calculate the greatest common divisor of 70877988 and 72.
36
Calculate the highest common divisor of 14498 and 299186.
1318
Calculate the highest common divisor of 3933 and 115644621.
1311
What is the highest common factor of 90 and 217550?
10
What is the greatest common factor of 278103 and 141474?
969
What is the highest common factor of 847 and 220528?
77
What is the highest common divisor of 7946218 and 1862?
266
What is the highest common factor of 157 and 1773836868?
157
Calculate the greatest common divisor of 98946 and 1063980.
414
What is the greatest common divisor of 66447136 and 2744?
392
What is the highest common divisor of 30820 and 192960?
1340
What is the highest common divisor of 70 and 22600445?
35
What is the greatest common divisor of 16192 and 20546944?
704
What is the greatest common factor of 2194 and 395593558?
2194
What is the greatest common factor of 341061561 and 15813?
2259
Calculate the highest common factor of 13795 and 268615.
155
Calculate the highest common factor of 976 and 17402324.
244
What is the highest common divisor of 537613729 and 17?
17
What is the greatest common factor of 416 and 104137592?
104
Calculate the highest common divisor of 4275 and 26620083.
171
Calculate the greatest common divisor of 6925005 and 9405.
45
What is the highest common factor of 155623472 and 48?
16
What is the greatest common factor of 307788 and 2249?
13
What is the greatest common divisor of 9 and 4032081?
9
What is the greatest common factor of 84 and 4502428?
28
Calculate the greatest common divisor of 73969995 and 165.
165
Calculate the greatest common factor of 169096 and 90206.
46
What is the highest common factor of 308664 and 3996?
108
What is the highest common divisor of 243 and 3662187?
3
What is the highest common factor of 36431100 and 3300?
300
Calculate the highest common divisor of 83331 and 741114.
1773
What is the highest common divisor of 2756 and 1129536?
212
What is the highest common divisor of 93538 and 92?
2
Calculate the greatest common factor of 1426 and 3556030.
46
What is the highest common factor of 22442 and 254212?
98
Calculate the greatest common factor of 100176 and 11065274.
4174
What is the highest common factor of 1437342938 and 709?
709
What is the greatest common divisor of 16 and 629212336?
16
Calculate the highest common divisor of 6 and 1526309346.
6
What is the greatest common divisor of 521169 and 4785?
33
What is the highest common divisor of 77350 and 3561775?
175
Calculate the highest common divisor of 57216050 and 841007.
13787
Calculate the highest common factor of 343486962 and 36540.
3654
What is the greatest common factor of 389 and 17597971?
389
Calculate the greatest common factor of 80 and 61702992.
16
What is the highest common divisor of 21214215 and 795?
15
What is the greatest common factor of 4370 and 4872740?
190
What is the greatest common factor of 110796 and 836?
4
Calculate the greatest common factor of 5005936000 and 5200.
5200
Calculate the greatest common divisor of 860868 and 1380.
12
Calculate the highest common divisor of 41910 and 1466190.
330
Calculate the greatest common factor of 151 and 41328247.
151
Calculate the greatest common divisor of 33101 and 439477.
79
What is the highest common divisor of 12216 and 675783012?
6108
Calculate the greatest common factor of 1247059 and 36135.
803
What is the greatest common divisor of 4521010 and 5930?
10
What is the highest common factor of 1036010 and 211130?
4910
Calculate the highest common factor of 44 and 39229058.
22
Calculate the highest common factor of 4466616 and 1491.
21
Calculate the greatest common factor of 931 and 19277324.
19
Calculate the greatest common divisor of 102822732 and 204.
204
Calculate the highest common divisor of 104310 and 3097665.
855
Calculate the highest common divisor of 93054 and 701376.
78
Calculate the greatest common divisor of 100 and 4607050.
50
Calculate the highest common divisor of 600 and 18915840.
120
Calculate the greatest common factor of 10792 and 675232.
8
Calculate the greatest common factor of 441491232 and 336.
336
What is the highest common divisor of 12997 and 2070664?
41
Calculate the highest common divisor of 3370 and 49178747.
337
Calculate the highest common factor of 2536549 and 2.
1
What is the highest common divisor of 85792299 and 2547?
849
Calculate the greatest common divisor of 24064 and 725248.
256
Calculate the greatest common divisor of 91492 and 11729994.
514
What is the greatest common divisor of 70787 and 1361567?
71
Calculate the highest common factor of 36 and 33943194.
18
What is the highest common factor of 98384 and 150644351?
6149
What is the highest common factor of 6435254 and 104146?
2422
What is the highest common divisor of 15646698 and 306?
306
Calculate the highest common factor of 44 and 89547436.
44
What is the highest common divisor of 79893 and 15342723?
297
Calculate the highest common factor of 744 and 6293000.
248
Calculate the greatest common factor of 282141 and 150259.
1081
Calculate the greates